163?
1
Let t(x) = -55*x**3 - 2*x**2 + 31*x + 220. Let q be t(-4). Calculate the greatest common divisor of 168 and q.
56
Let f(n) = 270 + n + 2*n + 243 - 7*n - 475. Let i = -3 - -9. Let h be f(i). Calculate the greatest common divisor of 35 and h.
7
Let w(o) = -o**3 + 14*o**2 + 14*o - 89. Let b be w(8). Let i = 435 - b. Calculate the greatest common factor of 63 and i.
7
Let l = 7671 - 7251. What is the greatest common divisor of l and 1380?
60
Let p be ((-12)/(-7) - (-4)/14)*(2150 - 50). What is the highest common divisor of 336 and p?
168
Let n(b) = 2*b**3 + b**2 - 6*b + 31. Let k be n(5). Suppose -286 + k = -r. Calculate the greatest common divisor of r and 160.
10
Let m(g) = -22*g**3 + 3*g**2 + 57*g + 197. Let v be m(-4). Calculate the greatest common factor of 2945 and v.
95
Let o = 209 + -99. Suppose -3*b - 2*v - 842 = 0, -290 = b - 8*v + 11*v. Let y = b + 322. Calculate the greatest common factor of o and y.
22
Let o = -100 + 98. Let h be o*(-6)/5 + 14/(-35). Suppose 5*g - 2*q = 69, g - 41 = -h*g + q. What is the highest common divisor of g and 52?
13
Let v(l) = -l**3 + 5*l**2 + 19*l - 23. Let o be v(7). Suppose -o*n = 11*n - 2760. Calculate the highest common factor of n and 168.
24
Suppose -7*y + 8*y + 2 = 0. Let b be (5/y - -1)/((-57)/5434). Calculate the highest common factor of b and 26.
13
Let a(v) = 5*v**2 + 2*v + 146. Let u be a(17). What is the highest common factor of u and 91?
13
Suppose 3*o + 49*f = 44*f + 3776, f + 5096 = 4*o. What is the highest common factor of o and 2438?
106
Let r = -22257 - -28033. What is the highest common divisor of 57 and r?
19
Let k(a) = -58*a - 5042. Let q be k(-95). What is the highest common factor of 442 and q?
26
Suppose 0 = 5*g + 709 - 2009. Suppose 396*k - 64148 - 5078 = -7450. What is the greatest common divisor of g and k?
52
Let k = 81 - 65. Suppose 0 = -3*f + 3, 57 = p + 5*f + k. Suppose n - 2*q + p = 3*n, n - 18 = q. What is the highest common divisor of 3 and n?
3
Let x = 17062 - 16540. Calculate the highest common divisor of x and 99.
9
Let u be (30/(-20))/((-3)/52). Let z be -2 - 15/(2 - (-175)/(-80)). Calculate the greatest common factor of z and u.
26
Suppose 4*m + 9*q - 4*q - 191 = 0, m = 5*q + 79. Let c(v) = 10*v**2 + 5*v - 3. Let d be c(-2). What is the highest common factor of d and m?
27
Suppose -1467*d + 1470*d + 459 = 2*p, -405 = -2*p - 3*d. Calculate the greatest common divisor of 324 and p.
108
Suppose -29*h + 3945 - 559 = -6068. Calculate the greatest common factor of 54442 and h.
326
Suppose -2*l - z + 299 = 0, -2*z - 448 = -3*l - 4*z. What is the greatest common factor of l and 870?
30
Let x be (3 + (5 - 1))*(-8720)/(-35). Calculate the highest common factor of x and 96.
16
Let q(b) = -10*b**3 + b**2 - 8*b - 47. Let v be q(-8). Calculate the highest common factor of v and 7.
7
Suppose -4*k + 572 = 5*l, 4*l + k = 263 + 199. Let c = -12 - -23. Suppose 0 = s - c - 18. Calculate the greatest common factor of s and l.
29
Suppose 0 = 117*r - 13937 - 37543. Calculate the highest common factor of r and 352.
88
Let w(n) = n**3 + n**2 + n + 46. Let v = -107 + 150. Suppose 4*h + 43 = v. Let g be w(h). What is the highest common divisor of g and 69?
23
Suppose -29*x + 26*x = -3*c - 2247, c + 4454 = 6*x. Calculate the highest common divisor of x and 133.
19
Suppose 3*u = -5*u - 736. Let z = u + 116. What is the greatest common factor of z and 3?
3
Let u be (87 + -78)*39/27. Suppose 2*y = 4, 0 = -5*f - 5*y + 1645 - 75. What is the greatest common divisor of u and f?
13
Suppose 5*u - 6*a = -3*a + 7, 5*u - a - 9 = 0. Suppose 5*b - b + u*h = 402, -213 = -2*b - 5*h. Calculate the highest common divisor of 264 and b.
33
Suppose 5*k = k + 3*s + 3427, -2*k = 3*s - 1727. Suppose -k = -5*o - 154. What is the greatest common factor of o and 47?
47
Suppose 3*k - 1766 = r, -12*k + 594 = -11*k + 5*r. Calculate the highest common divisor of k and 124.
31
Let k be (4/(-6))/(76/1026). Let f be (-66)/(10/20*k/39). Calculate the greatest common factor of 13 and f.
13
Suppose -21770280 = 255*l - 626*l. What is the highest common factor of l and 163?
163
Suppose -5*q = 924 - 944. Let m be -6 + (-74)/(-4)*(2 + q). What is the greatest common divisor of m and 165?
15
Let y be (-3978)/(-22) + 2 + 4/22. Calculate the highest common factor of y and 21.
3
Let m be (-8)/(-6 + -2) - 12*3. Let z be (m/(-5))/7*209. What is the greatest common divisor of z and 57?
19
Suppose 31*s - 3857 - 1726 - 865 = 0. Calculate the greatest common divisor of 1612 and s.
52
Suppose -3*i + 1 = -5. Suppose 4*z + 3*j = i*j - 106, 4*z + 4*j = -112. Let b = z + 31. Calculate the greatest common divisor of b and 20.
5
Let q(x) = 3*x + 4. Let r be q(4). Suppose 2*k - 5*z = -z - 188, 0 = 5*k + 2*z + 470. Let c = 18 - k. What is the greatest common factor of c and r?
16
Let v = 64 + -59. Suppose -v*n + n + 20 = 0. Suppose 18 = 6*h - n*h. Calculate the greatest common divisor of 45 and h.
9
Let a(l) = 2 + 5*l - 33*l - 18 + 12. Let y be a(-1). What is the greatest common factor of y and 40?
8
Let r be (-2)/(-2)*-82 + -28 + 25. Let d = r + 177. Calculate the highest common factor of d and 23.
23
Suppose 0 = p + 3*p + 40. Let v be 33/55 - (-6)/p. Suppose 0 = -b - 4, 2*q - 3*b - 52 = -v*q. Calculate the greatest common factor of 70 and q.
10
Let p = 186 + -72. Suppose p*b = 116*b - 140. Calculate the highest common divisor of b and 490.
70
Let x be (-433)/(-6) - (920/(-240))/(-23). Calculate the highest common factor of 5952 and x.
24
Let j = -795 - -3614. Suppose 23*a - 401 = j. Calculate the highest common factor of a and 30.
10
Suppose -36300 = -20*r - 46*r. Suppose 28*d - 3*d = r. What is the greatest common divisor of d and 154?
22
Let c(i) = i**3 - 22*i**2 + 36*i + 333. Let q be c(20). Calculate the greatest common divisor of q and 2944.
23
Suppose -4*g - 1539 - 205 = 0. Let c = -406 - g. Calculate the greatest common factor of c and 12.
6
Suppose -8 = 13*z + 125 - 1303. Let w(k) = -k**3 + 17*k**2 + 6*k + 42. Let f be w(17). What is the highest common factor of f and z?
18
Let b = 2471 - 1603. Calculate the highest common factor of b and 1922.
62
Let n(x) = 3*x. Let y be n(2). Let t(j) = 180*j - 501. Let r be t(3). Calculate the greatest common divisor of r and y.
3
Let d be -23 + 16 + (0 - -1). Let u(a) = -a**3 - 10*a**2 - 30*a + 9. Let i be u(d). What is the greatest common divisor of i and 10?
5
Let r(q) = 122*q + 904. Let o be r(8). Calculate the highest common factor of 40 and o.
40
Let y = -44 + 155. Let t be (0 + 4)*((-236)/(-16) + -4). Suppose 50*x = t*x + 259. What is the highest common factor of x and y?
37
Let m(j) = -j + 68. Suppose 4*d = -n - 9, 0 = -5*n - 2*d - 88 + 25. Let k be m(n). Calculate the greatest common divisor of k and 9.
9
Let s be 6/4*952/(-21). Let b = 343 + s. What is the highest common factor of b and 11?
11
Let j = -19641 - -19649. What is the greatest common divisor of 4216 and j?
8
Let h = -999 - -1099. Calculate the highest common divisor of 100 and h.
100
Let j = -14 + 14. Suppose j = -d + 7*d - 6. Let k be (-24 - d)*(-78)/130. What is the highest common factor of k and 75?
15
Suppose -43*s + 9*s = 0. Suppose 40*n + 669 - 4509 = s. Suppose 2*f + 36 = 5*f. What is the highest common factor of n and f?
12
Suppose 0 = l - 7 - 0. Let t(j) = -j**2 + 11*j + 7. Let z be t(l). Let k(u) = 25*u + 210. Let s be k(-7). What is the greatest common factor of s and z?
35
Let g be (2/(-4))/((-2)/28) - 2. Let r = -147 - -152. Calculate the greatest common divisor of g and r.
5
Let h = 378 + -216. Let x = -90 + h. Let o be 2 - (0/2 - x) - -1. What is the greatest common divisor of 30 and o?
15
Suppose -16*f = 3*q + 68, 2*q - f - 180 = -167. Suppose 56 = 4*j - 120. Calculate the greatest common factor of j and q.
4
Let m(c) = -c**3 - 50*c**2 + 3*c + 171. Let r be m(-50). Let s be (r/(-36) + 2/8)*-48. Suppose 5*q - 43 = 17. What is the highest common divisor of s and q?
4
Suppose -5*s + q + 165 = 0, -6*q = -6*s + s + 140. Calculate the highest common divisor of 4199 and s.
17
Let u be (418/44 - 12)/(-1 + 54/56). Calculate the highest common factor of u and 30.
10
Let j(t) = 41*t - 11. Let q be j(14). Let a(h) = 14*h**2 - 5. Let m be a(-8). Let g = m - q. Calculate the highest common factor of 41 and g.
41
Let z be 